 - 2*v + 4. Is q(-1) prime?
False
Suppose -6*u = -u - 15. Suppose 6*q - 3*q = 4*g - 33, 4*q - u*g + 44 = 0. Let r(w) = -16*w + 9. Is r(q) a composite number?
True
Suppose v - 1437 = -p + 466, -5*v + 15 = 0. Suppose -448 - p = -4*y. Is y a composite number?
False
Suppose 0 = -0*c + 2*c + 2*h - 2232, 2*c - 3*h = 2237. Is c composite?
False
Let y(i) be the third derivative of -3*i**4/4 - 5*i**3/2 - 6*i**2. Is y(-8) composite?
True
Suppose 0 = -9*g + 8*g + 8. Suppose -g*j - 1402 = -10*j. Is j a prime number?
True
Is 6/(-24)*(10 - 166326) a composite number?
False
Let q(v) be the second derivative of v**5/15 - 3*v**4/8 - v**3 + 2*v**2 - 2*v. Let y(c) be the first derivative of q(c). Is y(7) a composite number?
False
Let q(k) = k**3 + 19*k**2 + 39*k + 7. Let v be q(-19). Is (v/3)/(4/(-12)) a prime number?
False
Is (25156/(-8))/(4/(-8)) composite?
True
Suppose 8*p = 102641 - 32185. Is p composite?
False
Let s(a) = -a**2 - 5*a - 8. Let o be s(-4). Is ((-5211)/2)/9*o/3 composite?
True
Suppose 0 = -3*z - 2*c + 3572, -1219 = -z + 4*c + c. Let u = z + -805. Is u a composite number?
False
Let s(a) = a - 8. Let k be s(10). Suppose -2*h - 3347 = -d, k*d + h + 3750 = 10429. Is d composite?
True
Suppose 1 = -f + l, -3*l = f + 4*f - 11. Suppose -9 = -c - b, -4*c + f + 0 = -3*b. Is 1*(-2)/c*-38 a composite number?
False
Suppose 22*n + 980 - 3598 = 0. Suppose 0*k = -3*k - 192. Let g = n + k. Is g prime?
False
Let k(i) = -i**2 + 6*i - 2. Let w be k(7). Let s(j) = -j**3 - 9*j**2 + 3. Let x be s(w). Is x/(-3) + 4 + 220 composite?
False
Is (-13)/((-104)/(-64)) - -1231 composite?
False
Let t(n) = 3*n**3 + 2*n**2 - 6*n**3 - n**2 - 5 + 6*n + 4*n**3. Let g be t(4). Let w = g + -32. Is w prime?
True
Let j(m) = m**3 - m**2 + 2*m + 202. Let o be j(0). Suppose 4*s = -2*k + o, -4*s - 3*k = -2*s - 91. Is s composite?
False
Let r = 20 - 18. Let y be 3/(r + 551/(-277)). Suppose -l - 2*l = -5*c - y, -2*l + 184 = -3*c. Is l composite?
False
Suppose 3*s - 3*p - 64152 = 0, -3*p - 85541 = 8*s - 12*s. Is s composite?
True
Suppose 142 + 25162 = 8*u. Is u a composite number?
False
Let m(z) = -8. Let l(f) = f + 17. Let j(a) = -2*l(a) - 5*m(a). Let h be j(-7). Suppose 0 = -17*y + h*y - 1239. Is y a composite number?
True
Let l(o) be the third derivative of -o**5/60 - o**4/6 + 5*o**3/6 - 4*o**2. Let t be l(-5). Suppose t = -2*r, r + 380 = 2*g - 222. Is g a prime number?
False
Let j(d) = -2*d**3 - 21*d**2 + 45*d - 37. Is j(-25) a prime number?
True
Let x be 4*(147/6 + 5). Suppose -964 = -5*o + 401. Suppose x = j - o. Is j a composite number?
True
Is ((-32)/16)/(-14) - 100112/(-14) prime?
True
Let r = 5661 - 3019. Let z = r + -1249. Is z a composite number?
True
Let y(f) = -1290*f + 331. Is y(-17) a composite number?
True
Let b(l) = l**2 - 10*l + 9. Let f be b(9). Suppose f = -5*q + 7*q - 12. Suppose -h + q*h - 2405 = 0. Is h composite?
True
Let d(l) = 56*l**2 + 11*l + 9. Let h be d(14). Suppose -17097 - h = -12*i. Is i composite?
True
Suppose 0 = -2*t - 5*c - 21, 2*t - 4*t - 6 = 2*c. Suppose -h + 2*o - 781 = t*h, 0 = -3*h + o - 776. Is (2 + 0 + -3)*h composite?
False
Let l be 1/((-10)/(-6))*(508 + -3). Suppose 0 = 3*o - 3*p - 873, 5*p = 2*o - 3*o + l. Is o a prime number?
True
Suppose 4*h - 4*x + 8 = 0, h - 5*x = 2*h - 28. Suppose -h*u = -5*d - 16, -d - 4*d = 10. Suppose -s - u*l = -73, 0*l - 76 = -s - l. Is s prime?
True
Let x(g) = 6*g**2 - 36*g - 23. Is x(18) composite?
True
Let q = -82 - -183. Let g = 573 + q. Is g prime?
False
Let s = -35 - -40. Suppose -4*h + 433 = 5*m, -4*m + 248 = s*h - 102. Is m a composite number?
True
Suppose 0 = n + 2 - 5. Suppose -2*f + 2*i = -64, 0 = -5*f + 2*i - 9 + 157. Suppose -n*s + f + 2 = 0. Is s a prime number?
False
Let k = 44 - 84. Is -1 + 2 + (-2336)/k*5 a composite number?
False
Suppose -3*p - z + 3*z + 12 = 0, -5*p - 5*z = -20. Suppose 0*h - p*h + 5*m + 1901 = 0, -1928 = -4*h - 4*m. Is h prime?
True
Let n(m) = -2*m. Let o be n(-2). Suppose 5 = o*c - 15. Let b = c - -326. Is b prime?
True
Let u = -1357 - -1900. Let n = 446 + u. Is n composite?
True
Suppose 20*j = -16*j + 33084. Is j prime?
True
Let f = -4 + 6. Let z(p) = -2 + f + 3*p + p**2 - 3 + 53*p**3. Is z(2) a composite number?
False
Let f(u) = 67*u + 2. Let c(o) = -o**3 + 17*o**2 + o - 6. Let p be c(17). Suppose -p*n + 6*n + 15 = 0. Is f(n) a prime number?
False
Suppose -5*t = -3*t - 8. Suppose 565 + 311 = t*i. Is i prime?
False
Is 16 + -11 + (2 - -13022) - -4 prime?
True
Suppose t - 2*t = -7*t. Suppose 4*u - u - 573 = t. Is u a composite number?
False
Let b(i) = -78*i + 24. Let d be b(-6). Suppose 0 = 5*j + 5*k - 433 - d, -k - 370 = -2*j. Is j prime?
False
Let c(d) = -2072*d + 57. Is c(-2) a prime number?
True
Let p be 0 + (62/22 - (-8)/44). Is 41 - (-4 - (1 - p)) a composite number?
False
Let b(f) = -f**3 + 6*f**2 + 2*f - 5. Let k(u) = -u**3 + 5*u**2 + 2*u - 4. Let a(m) = -2*b(m) + 3*k(m). Let d be a(4). Is 42 - 1 - d/5 a composite number?
False
Let c = -23 + 25. Suppose -c*g + 80 = 5*h, 2*h - 74 = -3*g + g. Is g a prime number?
False
Let v(y) = -y**3 - 3*y**2 - 7*y + 7. Let l be v(9). Let n = l + 3109. Is n a composite number?
False
Suppose -17*r = -25*r + 370376. Is r a composite number?
True
Let i(g) = -g**3 + 6*g**2 - 4*g - 2. Let r be i(4). Let f(h) = 53*h. Let p be f(1). Let b = r + p. Is b composite?
False
Suppose -m + 13446 = 3*l, 6 + 0 = 2*m. Is l composite?
False
Let s(g) be the first derivative of -5*g**4 + g - 2*g**2 - 13 + 8*g**4 + 2*g**3 + 2*g**4 - 4*g**4. Is s(5) a prime number?
True
Is (-213)/142*49492/(-6) a prime number?
True
Let f(r) = 2840*r**2 + 2*r + 1. Is f(-1) a prime number?
False
Let f(d) = 16*d**3 + 14*d**2 + 53*d - 57. Is f(16) a composite number?
False
Suppose -17554 + 5468 = -2*b. Is b prime?
True
Suppose -3*d + 65 = 2*d. Suppose 251 - d = 2*p. Is p prime?
False
Let a = -235 + 85. Suppose -7*y = -6*y + 229. Let x = a - y. Is x composite?
False
Let k be (-1 - -4)/(-3) - -3. Let h(b) = b**3 + b**2 - 2*b - 1. Let c be h(k). Suppose 6*g = c*g - 293. Is g a prime number?
True
Let b(n) be the third derivative of 269*n**5/5 - n**4/12 - n**3/6 + 2*n**2. Is b(-1) a composite number?
False
Let b = -9 - -14. Suppose 4*l - 1740 = -4*d, -2*l + 0*d = b*d - 882. Is l a composite number?
False
Suppose -f + 5 = 4*r - 2*f, 4 = -r + 2*f. Suppose t = w - r*t - 11, -t - 4 = 0. Is (w - -4)/(12/892) a prime number?
True
Let s = -33 - -48. Let v = s + -15. Let q(i) = -i**3 - i**2 - i + 409. Is q(v) a composite number?
False
Let r be 52/(-4) - (4 - 1). Let o = -6 - r. Suppose 2*l - 807 = 5*i - o*i, -5*i + 4*l = -831. Is i a composite number?
False
Let x(z) = 2*z**3 + 8*z**2. Let y be x(-4). Suppose -5*d = c + c - 50, y = 4*c - 4*d - 156. Is c a composite number?
True
Let a(i) = 22*i**3 + 2*i**2 - 3*i. Let m(x) = x**3 - 8*x**2 + 7*x + 2. Let r be m(7). Let c be a(r). Let v = 115 + c. Is v composite?
False
Let j(k) = 283*k + 20. Suppose -6*a = 8*a - 42. Is j(a) prime?
False
Suppose -t - 16 = -5. Let b(v) = v**3 - v**2 + v - 1. Let c(g) = 7*g**3 + 5*g**2 + 18*g - 7. Let r(l) = 6*b(l) - c(l). Is r(t) a prime number?
False
Let t = -119525 - -403865. Is (-2)/(-9) - t/(-108) composite?
False
Suppose 446*p + 4604 = 450*p. Is p prime?
True
Let k = -139 - -17. Let h = -85 - k. Suppose f - h = 4*m, -4*m + 123 = 2*f + 13. Is f a composite number?
True
Let v(x) be the third derivative of 9*x**5/20 - x**4/8 - 5*x**3/6 - 12*x**2. Is v(4) a composite number?
True
Let d(h) = h**3 + 13*h**2 - 10*h - 11. Let m(q) = 14*q + 2. Let p be m(-1). Is d(p) a prime number?
False
Is ((-2)/2)/(17/(-14297)) a composite number?
True
Let y(h) = -2192*h**2 - 5*h - 7. Let j(i) = 1096*i**2 + 2*i + 3. Let l(s) = 5*j(s) + 2*y(s). Let m = -16 - -17. Is l(m) a composite number?
False
Let w be (-156)/(-32) - (-1)/8. Is 3998/8 + w + (-115)/20 a composite number?
False
Suppose -26*q - 258760 = -34*q. Is q a prime number?
False
Is -5 + (3 - -1) + 6120 prime?
False
Let s(q) be the first derivative of q**4/4 - 4*q**3 + 2*q**2 + q + 12. Is s(14) a prime number?
True
Suppose 2*q - 11544 = 8902. Is q prime?
True
Let n(k) = 507*k**2 + 49*k - 567. Is n(19) composite?
True
Let q = 8 + -11. Let r be (7 - (0 - q))*1. Is (-11)/r*8/(-2) prime?
True
Suppose 22*p + 25947 = 65437. Is p composite?
True
Let d = 10836 + -5004. Let f = d - 3583